{"id":257,"date":"2025-07-25T11:45:51","date_gmt":"2025-07-25T09:45:51","guid":{"rendered":"https:\/\/magolma.netstory.com.pl\/?page_id=257"},"modified":"2025-08-09T13:35:25","modified_gmt":"2025-08-09T11:35:25","slug":"produkty","status":"publish","type":"page","link":"https:\/\/magolma.netstory.com.pl\/?page_id=257","title":{"rendered":"Produkty"},"content":{"rendered":"\t\t<div data-elementor-type=\"wp-page\" data-elementor-id=\"257\" class=\"elementor elementor-257\" data-elementor-post-type=\"page\">\n\t\t\t\t<div class=\"elementor-element elementor-element-1b3e8d30 e-flex e-con-boxed e-con e-parent\" data-id=\"1b3e8d30\" data-element_type=\"container\" data-e-type=\"container\">\n\t\t\t\t\t<div class=\"e-con-inner\">\n\t\t\t\t<div class=\"elementor-element elementor-element-7bb13910 elementor-position-left elementor-vertical-align-middle elementor-widget elementor-widget-image-box\" data-id=\"7bb13910\" data-element_type=\"widget\" data-e-type=\"widget\" data-widget_type=\"image-box.default\">\n\t\t\t\t<div class=\"elementor-widget-container\">\n\t\t\t\t\t<div class=\"elementor-image-box-wrapper\"><figure class=\"elementor-image-box-img\"><a href=\"https:\/\/magolma.netstory.com.pl\/?page_id=828\" tabindex=\"-1\"><img fetchpriority=\"high\" decoding=\"async\" width=\"1920\" height=\"862\" src=\"https:\/\/magolma.netstory.com.pl\/wp-content\/uploads\/2025\/07\/deska-120-scaled.webp\" class=\"attachment-full size-full wp-image-385\" alt=\"\" srcset=\"https:\/\/magolma.netstory.com.pl\/wp-content\/uploads\/2025\/07\/deska-120-scaled.webp 1920w, https:\/\/magolma.netstory.com.pl\/wp-content\/uploads\/2025\/07\/deska-120-300x135.webp 300w, https:\/\/magolma.netstory.com.pl\/wp-content\/uploads\/2025\/07\/deska-120-1024x460.webp 1024w, https:\/\/magolma.netstory.com.pl\/wp-content\/uploads\/2025\/07\/deska-120-768x345.webp 768w, https:\/\/magolma.netstory.com.pl\/wp-content\/uploads\/2025\/07\/deska-120-1536x689.webp 1536w\" sizes=\"(max-width: 1920px) 100vw, 1920px\" \/><\/a><\/figure><div class=\"elementor-image-box-content\"><p class=\"elementor-image-box-description\">Deski<\/p><\/div><\/div>\t\t\t\t<\/div>\n\t\t\t\t<\/div>\n\t\t\t\t<div class=\"elementor-element elementor-element-577b7fd3 elementor-position-left elementor-vertical-align-middle elementor-position-left elementor-widget elementor-widget-image-box\" data-id=\"577b7fd3\" data-element_type=\"widget\" data-e-type=\"widget\" data-widget_type=\"image-box.default\">\n\t\t\t\t<div class=\"elementor-widget-container\">\n\t\t\t\t\t<div class=\"elementor-image-box-wrapper\"><figure class=\"elementor-image-box-img\"><img fetchpriority=\"high\" decoding=\"async\" width=\"1920\" height=\"862\" src=\"https:\/\/magolma.netstory.com.pl\/wp-content\/uploads\/2025\/07\/deska-120-scaled.webp\" class=\"attachment-full size-full wp-image-385\" alt=\"\" srcset=\"https:\/\/magolma.netstory.com.pl\/wp-content\/uploads\/2025\/07\/deska-120-scaled.webp 1920w, https:\/\/magolma.netstory.com.pl\/wp-content\/uploads\/2025\/07\/deska-120-300x135.webp 300w, https:\/\/magolma.netstory.com.pl\/wp-content\/uploads\/2025\/07\/deska-120-1024x460.webp 1024w, https:\/\/magolma.netstory.com.pl\/wp-content\/uploads\/2025\/07\/deska-120-768x345.webp 768w, https:\/\/magolma.netstory.com.pl\/wp-content\/uploads\/2025\/07\/deska-120-1536x689.webp 1536w\" sizes=\"(max-width: 1920px) 100vw, 1920px\" \/><\/figure><div class=\"elementor-image-box-content\"><h3 class=\"elementor-image-box-title\">Deska betonowa 2<\/h3><p class=\"elementor-image-box-description\">To jest br\u0105zowa deska betonowa imituj\u0105ca d\u0105b <b>Waga 10 kg, 200 z\u0142 \/ szt.<\/b><\/p><\/div><\/div>\t\t\t\t<\/div>\n\t\t\t\t<\/div>\n\t\t\t\t<div class=\"elementor-element elementor-element-1ffc0a6c elementor-position-left elementor-vertical-align-middle elementor-widget elementor-widget-image-box\" data-id=\"1ffc0a6c\" data-element_type=\"widget\" data-e-type=\"widget\" data-widget_type=\"image-box.default\">\n\t\t\t\t<div class=\"elementor-widget-container\">\n\t\t\t\t\t<div class=\"elementor-image-box-wrapper\"><figure class=\"elementor-image-box-img\"><img fetchpriority=\"high\" decoding=\"async\" width=\"1920\" height=\"862\" src=\"https:\/\/magolma.netstory.com.pl\/wp-content\/uploads\/2025\/07\/deska-120-scaled.webp\" class=\"attachment-full size-full wp-image-385\" alt=\"\" srcset=\"https:\/\/magolma.netstory.com.pl\/wp-content\/uploads\/2025\/07\/deska-120-scaled.webp 1920w, https:\/\/magolma.netstory.com.pl\/wp-content\/uploads\/2025\/07\/deska-120-300x135.webp 300w, https:\/\/magolma.netstory.com.pl\/wp-content\/uploads\/2025\/07\/deska-120-1024x460.webp 1024w, https:\/\/magolma.netstory.com.pl\/wp-content\/uploads\/2025\/07\/deska-120-768x345.webp 768w, https:\/\/magolma.netstory.com.pl\/wp-content\/uploads\/2025\/07\/deska-120-1536x689.webp 1536w\" sizes=\"(max-width: 1920px) 100vw, 1920px\" \/><\/figure><div class=\"elementor-image-box-content\"><h3 class=\"elementor-image-box-title\">Deska betonowa 3<\/h3><p class=\"elementor-image-box-description\">To jest br\u0105zowa deska betonowa imituj\u0105ca d\u0105b <b>Waga 10 kg, 200 z\u0142 \/ szt.<\/b><\/p><\/div><\/div>\t\t\t\t<\/div>\n\t\t\t\t<\/div>\n\t\t\t\t<div class=\"elementor-element elementor-element-462c4dea elementor-position-left elementor-vertical-align-middle elementor-widget elementor-widget-image-box\" data-id=\"462c4dea\" data-element_type=\"widget\" data-e-type=\"widget\" data-widget_type=\"image-box.default\">\n\t\t\t\t<div class=\"elementor-widget-container\">\n\t\t\t\t\t<div class=\"elementor-image-box-wrapper\"><figure class=\"elementor-image-box-img\"><img fetchpriority=\"high\" decoding=\"async\" width=\"1920\" height=\"862\" src=\"https:\/\/magolma.netstory.com.pl\/wp-content\/uploads\/2025\/07\/deska-120-scaled.webp\" class=\"attachment-full size-full wp-image-385\" alt=\"\" srcset=\"https:\/\/magolma.netstory.com.pl\/wp-content\/uploads\/2025\/07\/deska-120-scaled.webp 1920w, https:\/\/magolma.netstory.com.pl\/wp-content\/uploads\/2025\/07\/deska-120-300x135.webp 300w, https:\/\/magolma.netstory.com.pl\/wp-content\/uploads\/2025\/07\/deska-120-1024x460.webp 1024w, https:\/\/magolma.netstory.com.pl\/wp-content\/uploads\/2025\/07\/deska-120-768x345.webp 768w, https:\/\/magolma.netstory.com.pl\/wp-content\/uploads\/2025\/07\/deska-120-1536x689.webp 1536w\" sizes=\"(max-width: 1920px) 100vw, 1920px\" \/><\/figure><div class=\"elementor-image-box-content\"><h3 class=\"elementor-image-box-title\">Deska betonowa 4<\/h3><p class=\"elementor-image-box-description\">To jest br\u0105zowa deska betonowa imituj\u0105ca d\u0105b <b>Waga 10 kg, 200 z\u0142 \/ szt.<\/b><\/p><\/div><\/div>\t\t\t\t<\/div>\n\t\t\t\t<\/div>\n\t\t\t\t<div class=\"elementor-element elementor-element-2e4145a3 elementor-position-left elementor-vertical-align-middle elementor-widget elementor-widget-image-box\" data-id=\"2e4145a3\" data-element_type=\"widget\" data-e-type=\"widget\" data-widget_type=\"image-box.default\">\n\t\t\t\t<div class=\"elementor-widget-container\">\n\t\t\t\t\t<div class=\"elementor-image-box-wrapper\"><figure class=\"elementor-image-box-img\"><img fetchpriority=\"high\" decoding=\"async\" width=\"1920\" height=\"862\" src=\"https:\/\/magolma.netstory.com.pl\/wp-content\/uploads\/2025\/07\/deska-120-scaled.webp\" class=\"attachment-full size-full wp-image-385\" alt=\"\" srcset=\"https:\/\/magolma.netstory.com.pl\/wp-content\/uploads\/2025\/07\/deska-120-scaled.webp 1920w, https:\/\/magolma.netstory.com.pl\/wp-content\/uploads\/2025\/07\/deska-120-300x135.webp 300w, https:\/\/magolma.netstory.com.pl\/wp-content\/uploads\/2025\/07\/deska-120-1024x460.webp 1024w, https:\/\/magolma.netstory.com.pl\/wp-content\/uploads\/2025\/07\/deska-120-768x345.webp 768w, https:\/\/magolma.netstory.com.pl\/wp-content\/uploads\/2025\/07\/deska-120-1536x689.webp 1536w\" sizes=\"(max-width: 1920px) 100vw, 1920px\" \/><\/figure><div class=\"elementor-image-box-content\"><h3 class=\"elementor-image-box-title\">Deska betonowa 5<\/h3><p class=\"elementor-image-box-description\">To jest br\u0105zowa deska betonowa imituj\u0105ca d\u0105b <b>Waga 10 kg, 200 z\u0142 \/ szt.<\/b><\/p><\/div><\/div>\t\t\t\t<\/div>\n\t\t\t\t<\/div>\n\t\t\t\t<div class=\"elementor-element elementor-element-58ce99c elementor-position-left elementor-vertical-align-middle elementor-widget elementor-widget-image-box\" data-id=\"58ce99c\" data-element_type=\"widget\" data-e-type=\"widget\" data-widget_type=\"image-box.default\">\n\t\t\t\t<div class=\"elementor-widget-container\">\n\t\t\t\t\t<div class=\"elementor-image-box-wrapper\"><figure class=\"elementor-image-box-img\"><img fetchpriority=\"high\" decoding=\"async\" width=\"1920\" height=\"862\" src=\"https:\/\/magolma.netstory.com.pl\/wp-content\/uploads\/2025\/07\/deska-120-scaled.webp\" class=\"attachment-full size-full wp-image-385\" alt=\"\" srcset=\"https:\/\/magolma.netstory.com.pl\/wp-content\/uploads\/2025\/07\/deska-120-scaled.webp 1920w, https:\/\/magolma.netstory.com.pl\/wp-content\/uploads\/2025\/07\/deska-120-300x135.webp 300w, https:\/\/magolma.netstory.com.pl\/wp-content\/uploads\/2025\/07\/deska-120-1024x460.webp 1024w, https:\/\/magolma.netstory.com.pl\/wp-content\/uploads\/2025\/07\/deska-120-768x345.webp 768w, https:\/\/magolma.netstory.com.pl\/wp-content\/uploads\/2025\/07\/deska-120-1536x689.webp 1536w\" sizes=\"(max-width: 1920px) 100vw, 1920px\" \/><\/figure><div class=\"elementor-image-box-content\"><h3 class=\"elementor-image-box-title\">Deska betonowa 6<\/h3><p class=\"elementor-image-box-description\">To jest br\u0105zowa deska betonowa imituj\u0105ca d\u0105b <b>Waga 10 kg, 200 z\u0142 \/ szt.<\/b><\/p><\/div><\/div>\t\t\t\t<\/div>\n\t\t\t\t<\/div>\n\t\t\t\t<div class=\"elementor-element elementor-element-e1db172 elementor-position-left elementor-vertical-align-middle elementor-widget elementor-widget-image-box\" data-id=\"e1db172\" data-element_type=\"widget\" data-e-type=\"widget\" data-widget_type=\"image-box.default\">\n\t\t\t\t<div class=\"elementor-widget-container\">\n\t\t\t\t\t<div class=\"elementor-image-box-wrapper\"><figure class=\"elementor-image-box-img\"><img fetchpriority=\"high\" decoding=\"async\" width=\"1920\" height=\"862\" src=\"https:\/\/magolma.netstory.com.pl\/wp-content\/uploads\/2025\/07\/deska-120-scaled.webp\" class=\"attachment-full size-full wp-image-385\" alt=\"\" srcset=\"https:\/\/magolma.netstory.com.pl\/wp-content\/uploads\/2025\/07\/deska-120-scaled.webp 1920w, https:\/\/magolma.netstory.com.pl\/wp-content\/uploads\/2025\/07\/deska-120-300x135.webp 300w, https:\/\/magolma.netstory.com.pl\/wp-content\/uploads\/2025\/07\/deska-120-1024x460.webp 1024w, https:\/\/magolma.netstory.com.pl\/wp-content\/uploads\/2025\/07\/deska-120-768x345.webp 768w, https:\/\/magolma.netstory.com.pl\/wp-content\/uploads\/2025\/07\/deska-120-1536x689.webp 1536w\" sizes=\"(max-width: 1920px) 100vw, 1920px\" \/><\/figure><div class=\"elementor-image-box-content\"><h3 class=\"elementor-image-box-title\">Deska Betonowa 7<\/h3><p class=\"elementor-image-box-description\">To jest br\u0105zowa deska betonowa imituj\u0105ca d\u0105b <b>Waga 10 kg, 200 z\u0142 \/ szt.<\/b><\/p><\/div><\/div>\t\t\t\t<\/div>\n\t\t\t\t<\/div>\n\t\t\t\t<div class=\"elementor-element elementor-element-4ea18318 elementor-position-left elementor-vertical-align-middle elementor-widget elementor-widget-image-box\" data-id=\"4ea18318\" data-element_type=\"widget\" data-e-type=\"widget\" data-widget_type=\"image-box.default\">\n\t\t\t\t<div class=\"elementor-widget-container\">\n\t\t\t\t\t<div class=\"elementor-image-box-wrapper\"><figure class=\"elementor-image-box-img\"><img fetchpriority=\"high\" decoding=\"async\" width=\"1920\" height=\"862\" src=\"https:\/\/magolma.netstory.com.pl\/wp-content\/uploads\/2025\/07\/deska-120-scaled.webp\" class=\"attachment-full size-full wp-image-385\" alt=\"\" srcset=\"https:\/\/magolma.netstory.com.pl\/wp-content\/uploads\/2025\/07\/deska-120-scaled.webp 1920w, https:\/\/magolma.netstory.com.pl\/wp-content\/uploads\/2025\/07\/deska-120-300x135.webp 300w, https:\/\/magolma.netstory.com.pl\/wp-content\/uploads\/2025\/07\/deska-120-1024x460.webp 1024w, https:\/\/magolma.netstory.com.pl\/wp-content\/uploads\/2025\/07\/deska-120-768x345.webp 768w, https:\/\/magolma.netstory.com.pl\/wp-content\/uploads\/2025\/07\/deska-120-1536x689.webp 1536w\" sizes=\"(max-width: 1920px) 100vw, 1920px\" \/><\/figure><div class=\"elementor-image-box-content\"><h3 class=\"elementor-image-box-title\">Deska betonowa 8<\/h3><p class=\"elementor-image-box-description\">To jest br\u0105zowa deska betonowa imituj\u0105ca d\u0105b <b>Waga 10 kg, 200 z\u0142 \/ szt.<\/b><\/p><\/div><\/div>\t\t\t\t<\/div>\n\t\t\t\t<\/div>\n\t\t\t\t\t<\/div>\n\t\t\t\t<\/div>\n\t\t<div class=\"elementor-element elementor-element-78797f74 e-con-full e-flex e-con e-parent\" data-id=\"78797f74\" data-element_type=\"container\" data-e-type=\"container\" data-settings=\"{&quot;background_background&quot;:&quot;classic&quot;}\">\n\t\t\t\t<div class=\"elementor-element elementor-element-3577dd6a elementor-absolute elementor-widget elementor-widget-flex-hero\" data-id=\"3577dd6a\" data-element_type=\"widget\" data-e-type=\"widget\" data-settings=\"{&quot;primary_button_shape&quot;:&quot;sharp&quot;,&quot;image_shape&quot;:&quot;oval&quot;,&quot;layout_image_position_mobile&quot;:&quot;end&quot;,&quot;_position&quot;:&quot;absolute&quot;,&quot;layout_preset&quot;:&quot;showcase&quot;,&quot;layout_column_structure&quot;:&quot;50-50&quot;,&quot;layout_image_position&quot;:&quot;end&quot;,&quot;box_shape&quot;:&quot;sharp&quot;}\" data-widget_type=\"flex-hero.default\">\n\t\t\t\t<div class=\"elementor-widget-container\">\n\t\t\t\t\t\t\t<div class=\"has-shape-sharp shape-type-box has-column-structure-50-50  ehp-flex-hero has-layout-preset-showcase has-image-stretch has-image-position-end has-image-position-sm-end\">\n\t\t\t\t\t\t<div class=\"ehp-flex-hero__overlay\"><\/div>\n\t\t\t<div class=\"ehp-flex-hero__content-container\">\n\t\t\t\t<p class=\"ehp-flex-hero__intro\">Ma\u0142a architektura<\/p><h2 class=\"ehp-flex-hero__heading\">produkty do dekoracji\u200b <\/h2>\t\t\t<div class=\"ehp-flex-hero__ctas-container\">\n\t\t\t\t\t\t\t\t\t\t\t<\/div>\n\t\t\t\t\t<\/div>\n\t\t\t\t<div class=\"ehp-flex-hero__image-wrapper\">\n\t\t\t\t\t<div class=\"ehp-image ehp-flex-hero__image-container\">\n\t\t\t\t<img decoding=\"async\" class=\"ehp-image__img ehp-flex-hero__img has-shape-oval shape-type-image\" src=\"https:\/\/magolma.netstory.com.pl\/wp-content\/uploads\/2025\/07\/deska-120-scaled.webp\" title=\"deska 120&#8242;\" alt=\"Betonowa imitacja deski\" loading=\"lazy\" \/>\t\t\t<\/div>\n\t\t\t\t\t<\/div>\n\t\t\t\t<\/div>\n\t\t\t\t\t\t<\/div>\n\t\t\t\t<\/div>\n\t\t\t\t<\/div>\n\t\t\t\t<\/div>\n\t\t","protected":false},"excerpt":{"rendered":"<p>Deski Deska betonowa 2 To jest br\u0105zowa deska betonowa imituj\u0105ca d\u0105b Waga 10 kg, 200 z\u0142 \/ szt. Deska betonowa 3 To jest br\u0105zowa deska betonowa imituj\u0105ca d\u0105b Waga 10 kg, 200 z\u0142 \/ szt. Deska betonowa 4 To jest br\u0105zowa deska betonowa imituj\u0105ca d\u0105b Waga 10 kg, 200 z\u0142 \/ szt. Deska betonowa 5 [&hellip;]<\/p>\n","protected":false},"author":1,"featured_media":0,"parent":0,"menu_order":1,"comment_status":"closed","ping_status":"closed","template":"elementor_header_footer","meta":{"footnotes":""},"class_list":["post-257","page","type-page","status-publish","hentry"],"_links":{"self":[{"href":"https:\/\/magolma.netstory.com.pl\/index.php?rest_route=\/wp\/v2\/pages\/257","targetHints":{"allow":["GET"]}}],"collection":[{"href":"https:\/\/magolma.netstory.com.pl\/index.php?rest_route=\/wp\/v2\/pages"}],"about":[{"href":"https:\/\/magolma.netstory.com.pl\/index.php?rest_route=\/wp\/v2\/types\/page"}],"author":[{"embeddable":true,"href":"https:\/\/magolma.netstory.com.pl\/index.php?rest_route=\/wp\/v2\/users\/1"}],"replies":[{"embeddable":true,"href":"https:\/\/magolma.netstory.com.pl\/index.php?rest_route=%2Fwp%2Fv2%2Fcomments&post=257"}],"version-history":[{"count":114,"href":"https:\/\/magolma.netstory.com.pl\/index.php?rest_route=\/wp\/v2\/pages\/257\/revisions"}],"predecessor-version":[{"id":847,"href":"https:\/\/magolma.netstory.com.pl\/index.php?rest_route=\/wp\/v2\/pages\/257\/revisions\/847"}],"wp:attachment":[{"href":"https:\/\/magolma.netstory.com.pl\/index.php?rest_route=%2Fwp%2Fv2%2Fmedia&parent=257"}],"curies":[{"name":"wp","href":"https:\/\/api.w.org\/{rel}","templated":true}]}}